 z(2)?
2
Let a be (-1 + 0)/1*1. Let p(g) be the third derivative of g**6/45 - g**4/24 + g**3/6 + 2*g**2. Let v(q) be the first derivative of p(q). Give v(a).
7
Let k(z) = z**2 - 7*z. Let r(x) = -x**2 + 7*x - 1. Let f(j) = -4*k(j) - 5*r(j). Give f(5).
-5
Let g(n) = -6*n**2 + 3*n + 3 + 4*n**2 - n**3 - n**2. Let z be 32 - 1/(2/4). Suppose 5*b + 0*b = -5*x - z, 0 = -3*b + 3*x - 6. Give g(b).
7
Let s(u) = 8 + 5*u + 0*u - u - 7. Calculate s(1).
5
Let n be (0 - -10) + 7 + -10. Suppose v - 25 = -5*p, 3*p - n = -2*v + 15. Let f(h) = h**2 - h - 4. Determine f(p).
8
Let c(m) = m + 4. Let v(g) = g - 1. Let t(r) = -c(r) + 2*v(r). Determine t(11).
5
Suppose 4*l = 4*x, -3 - 2 = -x. Let k = 12 - l. Let s(h) = -h**2 + 7*h + 1. What is s(k)?
1
Let w(z) = z**2 - 7*z + 8. Let d = -28 - -34. What is w(d)?
2
Let r(n) = 6*n - 45. Let l(x) = -2*x + 15. Let j(v) = -11*l(v) - 4*r(v). Let z(a) = a - 7. Let u(p) = -6*j(p) - 14*z(p). What is u(6)?
-4
Let o(c) = -c - 6. Let h be o(-8). Let j(x) = 4*x**2 - 4*x + 3. Let u(a) = -2*a**2 + 2*a - 2. Let w be -1*3*20/15. Let k(d) = w*j(d) - 7*u(d). Determine k(h).
-2
Let h be 9/(-2)*8/6. Let m be 1/((h/10)/(-3)). Let v(j) = -65*j**3 + 128*j**3 - 64*j**3 + 5*j**2. Give v(m).
0
Let g be ((-60)/25 - -2)/(4/(-10)). Let k(h) = 2*h**2 - 1. Let w(d) = d - 1. Let p(c) = -k(c) + w(c). Determine p(g).
-1
Let w = 7 + -4. Let c(a) = -4*a**3 - 3*a**3 + 2*a + 2*a**2 + 4 + 6*a**3. What is c(w)?
1
Let v(b) = b - 7. Let g = 50 - 40. Determine v(g).
3
Let o(j) be the first derivative of -j**2/2 + 7*j - 5. Let x(v) = -v**3 - 4*v**2 + 5. Let z be x(-4). Give o(z).
2
Let y(j) = -j + 1. Let o(c) = -c**2 - 2*c + 4. Let z(d) = o(d) - y(d). Give z(0).
3
Let s(y) = 4*y**3 + y**2 - y. Let n be s(1). Let p = n + -4. Let m(c) = 0 - 2*c + p*c + 4 - 1. Determine m(6).
-9
Suppose a + 2 = 3*a. Let w be a + (0 - (-2 + 1)). Let p(n) = w*n - 2 + 0*n - n. Give p(5).
3
Let i(j) be the first derivative of -4*j + 2*j**2 - 1/3*j**3 - 2. Let s be (2*-1)/(2/(-4)). What is i(s)?
-4
Let k be (-6)/(-10) + 51/15. Suppose -2*c = -k*c. Let g(f) = -f - 2. Calculate g(c).
-2
Let x(q) = -6*q - 3. Let c(p) = 5*p + 3. Suppose 0 = -0*m - 2*m - 12. Let h(l) = m*x(l) - 7*c(l). Let t be h(8). Let g(k) = k**2 - 4*k + 1. Calculate g(t).
6
Suppose -o - 2*o = -12. Let g(l) = -3 + 2*l**3 - o*l + l**2 - 4*l**2 + 4*l**2. What is g(-2)?
-7
Let t = 13 - 8. Suppose -g - 2*u + 4*u - 2 = 0, 0 = -t*g + u + 26. Let m(b) = -5 + 3*b + b**2 - 3*b - 4*b. What is m(g)?
7
Let p(f) = 0 + 14*f**2 - 19*f**2 - f**3 - 6. Let d be 2/4*(-10 - 0). Determine p(d).
-6
Let r(m) = m**2 - 5*m - 2. Suppose 2*g - 1 = -z + 2, 9 = 3*z - 2*g. Calculate r(z).
-8
Let v(o) = o - 2. Let h = -10 + 14. Let g be v(h). Let d be 0/(g/(-6)*-3). Let c(l) = l**2 - l + 5. Give c(d).
5
Let k(b) = b**2 - 5*b + 1. Let o be 26/6 + 3/(-9). Let d(h) = 2*h - 12. Let t be d(18). Let n be o/14 - t/(-14). Calculate k(n).
-5
Let r(o) = -o**3 - 9*o**2 + 7. Suppose 0 = 3*z - 5*a + 27, 2*z + a = 5*z + 27. Calculate r(z).
7
Let j(c) = 6 + c**2 + 4*c**2 + c - 9*c - 4*c**2. Give j(7).
-1
Let v(o) be the third derivative of -o**7/2520 - o**6/180 + o**5/30 + o**4/24 + 2*o**2. Let x(t) be the second derivative of v(t). Let j = 10 + -14. Give x(j).
4
Let m(t) = 13*t + 4. Let g(c) = -11*c - 3. Let l(o) = 7*g(o) + 6*m(o). Suppose -4*k + 11 = 27. Calculate l(k).
-1
Let j(g) = -g**3 + 8*g - 1. Let o(a) = 2 - 13*a**3 + 16*a**3 + a**2 + a - 24*a. Let z(k) = -8*j(k) - 3*o(k). Determine z(-4).
-2
Let q(j) = -j**3 - 3*j**2 + 3. Suppose 2*k - 5*a = -67, -3*k - 5*a - 73 = 40. Let v be 114/k - (-2)/12. What is q(v)?
3
Let t(u) = 0 + 10*u**2 + u + 3 + 0*u**2. Let w(z) = -z**2 - z - 1. Let f(q) = -t(q) - 2*w(q). Give f(1).
-8
Let n(a) = a - 7. Let g be n(5). Let q(v) = -11*v**2 - 14*v - 20. Let z(i) = 4*i**2 + 5*i + 7. Let c(h) = -6*q(h) - 17*z(h). What is c(g)?
-5
Let r(c) be the first derivative of -c**4/24 - 5*c**3/6 + 5*c**2 - 6. Let y(n) be the second derivative of r(n). What is y(0)?
-5
Let u(i) = i + 2. Suppose 5*q = 8*q + 18. Calculate u(q).
-4
Suppose -26*f + 22*f = 0. Let i(o) = o**2 + o + 3. Calculate i(f).
3
Let g(u) be the second derivative of -u**3/6 + u**2/2 + 2*u. What is g(0)?
1
Let s = 9 - 6. Suppose 2 = s*f - 4. Let t(j) = -1 + 6*j**f - 3*j**2 - j - j. Give t(2).
7
Let k(a) = a**2 + a + 4. Let x = 31 - 28. Give k(x).
16
Let g(x) = x**2 - x - 18. Let y = -54 + 34. Let a = y + 20. Calculate g(a).
-18
Let s(y) = y**2 - 4*y - 2. Let i be s(4). Suppose -5*m + a + 8 = 0, -2*a = 2 - 6. Let w(h) = -h + 2 + 0*h**m - 2 + h**2. Calculate w(i).
6
Let o = 22 - 16. Let k(b) = b**3 - 5*b**2 - 6*b - 5. Determine k(o).
-5
Let r(q) = q**2 - 7*q + 9. Let w be r(6). Suppose w*f + 0*f - 3 = 0. Let p(g) = -6*g**3 - g**2 + 2*g - 1. Calculate p(f).
-6
Let l(q) = -q**2 - 6*q + 5. Suppose -p - 5*b - 15 = -0, 2*p - 3*b = -4. Give l(p).
10
Let g(u) = u**3 + 4*u**2 + 4*u + 4. Let h be g(-3). Let d(n) = -3 - 7*n + 8*n + 6*n. Let c(x) = 6*x - 2. Let k(m) = -3*c(m) + 2*d(m). Determine k(h).
-4
Let m = -8 - -3. Let u(y) = -y**2 - 7*y - 1. Determine u(m).
9
Suppose -q + 4 = -0*q. Let o(f) be the first derivative of -4/3*f**3 + 1/4*f**4 - 3/2*f**2 + 5*f + 1. Give o(q).
-7
Let l = 15 - 21. Let j be 8/12 - (-10)/l. Let s(d) be the first derivative of -4*d**2 + d + 1. Give s(j).
9
Let h(j) = -j**3 - 5*j**2 + 3*j - 5. Let m(i) = 4*i - 3*i - 1 + 0*i. Let v(n) = h(n) - 6*m(n). Determine v(-4).
-3
Let n(r) = 14*r**3 - 2*r - 4. Let i(f) be the first derivative of -29*f**4/4 + 5*f**2/2 + 9*f + 3. Let p(k) = 3*i(k) + 7*n(k). Give p(1).
11
Suppose 2*n + 4 + 0 = -5*b, n + b + 2 = 0. Let g(v) be the first derivative of -v**4/4 - v**3 - v**2/2 + 2*v + 1. Give g(n).
0
Let o(t) = -t**2 - 6*t - 3. Let u be o(-3). Let x(q) = -q**2 + 6*q. Let s be x(u). Let b(m) = m + 2. Determine b(s).
2
Let n(l) = -l + 1. Let m(b) = 4*b - 3. Let j(p) = m(p) + 3*n(p). Give j(6).
6
Let z(u) = -u - 2. Let v be z(-6). Let q(c) = 2 + 5*c + 1 + 6. Let f(p) = 4*p + 8. Let b(w) = v*f(w) - 3*q(w). Determine b(0).
5
Let o(n) = -4 - n + 3 - 4. What is o(0)?
-5
Let z(v) be the third derivative of -1/15*v**5 + 0 - 1/3*v**3 + 1/120*v**6 + 0*v + 1/8*v**4 - 4*v**2. What is z(3)?
-2
Let w(v) = -v**2 - 8*v + 9. Let r be w(-9). Suppose -q + 10 = q. Suppose r = q*j - 2*j + 12. Let x(i) = -i**2 - 3*i + 3. What is x(j)?
-1
Suppose -4*w - 16 = 5*m, 2*w + 8 = 3*m + m. Suppose -s + 3 = u, -3*u + 13 = s - m*s. Let r(o) = -o**2 - 2*o - 2. Calculate r(s).
-2
Let m(t) be the first derivative of -2*t**3 - t**2/2 + 23. Give m(-1).
-5
Suppose 0*z = -5*z. Let v(y) = y**3 + y - 5. Calculate v(z).
-5
Let t(z) = -z**2 + 2*z + 1. Let y be 2 + 2 + (-8)/4. Give t(y).
1
Let k(u) = u**3 - 5*u**2 - 9*u + 9. Let a be (48/20)/(8/20). Determine k(a).
-9
Let q = 18 - 12. Suppose -4*o = -3*o + q. Let r(v) = v**3 + 5*v**2 - 6*v + 5. Determine r(o).
5
Let c(h) = h**2 - 5*h. Let x = 4 + -7. Let n = 0 - x. What is c(n)?
-6
Let b(g) = -8*g**2 - g. Let i(r) = -9*r**2 - 9*r - 23. Let a(m) = 5*m**2 + 4*m + 12. Let y(z) = 7*a(z) + 4*i(z). Let d be y(-7). Give b(d).
-7
Let z(q) = -q**2 + q - 9. Let c(x) = -1. Let s(l) = -4*c(l) + z(l). Determine s(0).
-5
Suppose -4*g + 0 = -4. Let s(u) = 3*u - g - u**2 - 4*u + 0*u + 4*u. Let d = -2 - -5. Determine s(d).
-1
Let d(q) = 4*q - 9 - 6*q - q**2 + 5*q + 7*q. What is d(8)?
7
Let w(s) = s**2 + 4*s + 7. Suppose 2*t + 18 = 2*p, 5*t = 3*p - 14 - 23. Give w(t).
12
Let m(l) = 7*l**3 - 13*l**2 + 17*l + 17. Let b(a) = -3*a**3 + 6*a**2 - 8*a - 8. Let t be (6 + -2)*(-54)/24. Let o(y) = t*b(y) - 4*m(y). Give o(-3).
1
Suppose 3*f - 9 = 4*f + 5*q, -5*f = 5*q + 45. Let o(x) = -x**3 - 8*x**2 + 10*x + 5. Determine o(f).
-4
Let k(r) be the second derivative of 4/3*r**3 + 0 + 2*r - 1/2*r**2. Give k(1).
7
Let n(g) be the third derivative of g**6/120 - g**5/12 - 7*g**4/24 + g**3/6 - 3*g**2. Determine n(6).
-5
Let l be 1/(4/5)*-4. Let n be (-40)/12 + (-2)/3. Let g(r) = 2*r**2 + 2*r + 1. Let h(y) = -y**2 - 2*y - 1. Let b(i) = l*h(i) + n*g(i). What is b(2)?
-7
Let k(c) = 2*c + 6. Suppose -5 = -h + 2*h. Let y be k(h). Let i(r) = 5 - 5 + 6*r + 4 + r**2. Give i(y).
-4
Let a(y) = -y**2 - 4*y + 3. Let n(b) = b + 1. Let i = -10 - -4. Let c be n(i). Determine a(c).
-2
Suppose 2*t - x - 2*x = -4, 32 = 4*t + 4*x. Suppose t*b + 0*b + 6 = -2*m, -4*b - 21 = 5*m. L